) = s**3 - 10*s**2 - 35*s - 68. Calculate r(13).
-16
Let z(g) = -234*g - 6313. Calculate z(-27).
5
Let q(p) = 10*p + 31. Give q(-3).
1
Let i(b) = 55*b**2 - 5*b + 5. Determine i(1).
55
Let s(t) = -32*t + 191. Give s(-3).
287
Let w(y) = y**3 - 9*y**2 + 12*y - 20. Give w(7).
-34
Let v(b) = 2*b**2 - 1025*b + 4087. Calculate v(4).
19
Let j(l) = 14*l - 168. Determine j(30).
252
Let s(c) = -705*c + 1410. What is s(2)?
0
Let g(l) = 3*l - 43. What is g(9)?
-16
Let y(k) = -955*k + 7630. Calculate y(8).
-10
Let i(a) = 623*a - 2866. Determine i(5).
249
Let u(x) = x**2 - 36*x + 370. Determine u(37).
407
Let b(w) = w**3 + 20*w**2 + 37*w - 49. What is b(-11)?
633
Let z(f) = 5*f**2 + 26*f + 39. Determine z(-5).
34
Let s(b) = -b**3 - 17*b**2 - 51*b + 2. Determine s(-4).
-2
Let j(y) = 3*y**2 + 499*y + 4251. Give j(-9).
3
Let d(r) = 2*r**3 - 5447*r + 10890. Determine d(2).
12
Let d(w) = 5*w + 61. Determine d(-42).
-149
Let s(q) = -628*q + 65962. What is s(105)?
22
Let x(u) = -790*u - 22124. Give x(-28).
-4
Let g(l) = l**3 + 6*l**2 - 36*l - 138. What is g(-4)?
38
Let n(m) = -2*m**2 + 19*m - 39. What is n(4)?
5
Let w(j) = j**3 + 65*j**2 + 58*j - 416. What is w(-64)?
-32
Let n(i) = i**2 - 5*i - 4164. Give n(67).
-10
Let z(n) = -1031*n + 6167. Determine z(6).
-19
Let u(x) = 81*x**2 - 18*x + 21. Calculate u(1).
84
Let j(k) = 67*k**2 + 3687*k + 69. Determine j(-55).
-41
Let y(n) = n**2 + 43*n + 7. Calculate y(-29).
-399
Let h(l) = -58*l + 2962. Calculate h(51).
4
Let a(d) = -d**2 + 13*d + 566. What is a(-16)?
102
Let g(w) = 2*w**3 - 2*w**2 - 13*w - 16. Calculate g(-2).
-14
Let o(i) = 527*i - 5781. Calculate o(11).
16
Let t(g) = -2*g**3 + 14*g**2 + 11*g - 70. Determine t(7).
7
Let b(v) = -1380*v - 13794. Give b(-10).
6
Let a(u) = -24*u - 1714. Give a(-72).
14
Let w(m) = -m**3 + 56*m**2 - 298*m - 21. Calculate w(6).
-9
Let n(x) = x**2 - 266*x + 4234. Determine n(249).
1
Let u(f) = -f**2 - f + 18. What is u(3)?
6
Let t(n) = -175*n + 4609. What is t(24)?
409
Let b(c) = c**2 + 84*c + 1541. Calculate b(-27).
2
Let h(n) = n**3 + 7*n**2 - 127*n - 975. Give h(-9).
6
Let f(j) = -22*j - 939. Give f(-47).
95
Let p(h) = -18*h - 428. Determine p(-22).
-32
Let l(d) = -418*d + 46018. Calculate l(110).
38
Let x(w) = -4*w**3 - 5*w**2 + 2*w + 6. Determine x(-3).
63
Let f(o) = 4*o**3 + 19*o**2 - 35*o - 25. Determine f(-6).
5
Let z(l) = -l**3 + 149*l**2 - 1520*l + 272. Give z(138).
-4
Let k(c) = c**3 + 58*c**2 + 262*c - 174. Calculate k(-53).
-15
Let i(v) = 178*v + 56. What is i(0)?
56
Let r(s) = -103*s - 287. What is r(-3)?
22
Let j(q) = 30*q + 275. Determine j(-11).
-55
Let a(c) = 25*c**2 + 51*c + 8. What is a(-5)?
378
Let a(j) = 727*j + 739. Calculate a(-1).
12
Let o(g) = -3*g**2 + 83*g - 23. What is o(27)?
31
Let i(f) = -f**2 + 151*f - 767. Give i(5).
-37
Let d(f) = 4*f**2 + 24*f - 908. What is d(12)?
-44
Let r(n) = -6*n - 287. Calculate r(-39).
-53
Let b(q) = -9845*q + 88598. What is b(9)?
-7
Let k(y) = 341*y + 3307. Calculate k(-10).
-103
Let y(n) = -3*n**2 + 67*n - 72. What is y(21)?
12
Let q(u) = -357*u + 11076. Give q(31).
9
Let q(o) = o**2 + 19*o - 161. Determine q(-26).
21
Let w(v) = 116*v - 3378. Give w(29).
-14
Let s(t) = 35*t**3 - 1. Calculate s(-1).
-36
Let z(x) = 23*x**2 - 9*x + 4. What is z(1)?
18
Let f(z) = 3*z**3 - 13*z**2 + 11*z + 2. Determine f(1).
3
Let c(a) = -2*a**3 + 24*a**2 - 55*a + 21. What is c(9)?
12
Let v(u) = -u**2 - 109*u + 651. Calculate v(6).
-39
Let d(g) = g**3 + 58*g**2 + 79*g + 4585. What is d(-58)?
3
Let g(a) = -a**2 + 5*a + 135. Calculate g(15).
-15
Let t(b) = -b**3 + 62*b**2 + 332*b - 27. Calculate t(-5).
-12
Let l(c) = -8*c + 338. Give l(-23).
522
Let j(o) = -o**3 - 54*o**2 + 54*o - 36. What is j(-55)?
19
Let s(i) = i**3 + 58*i**2 + 826*i + 15. Give s(-33).
-18
Let x(y) = -3*y**2 - 111*y + 241. What is x(-39)?
7
Let b(y) = 21*y + 732. Calculate b(-37).
-45
Let x(a) = 2*a**2 - 6*a - 165. What is x(-9)?
51
Let t(j) = 4*j**2 - 35*j + 81. Calculate t(5).
6
Let p(z) = 2*z**2 - 46*z + 114. What is p(13)?
-146
Let v(k) = -4*k**2 - 201*k - 424. Give v(-48).
8
Let n(t) = -3*t**2 + 6*t - 17. Calculate n(2).
-17
Let g(h) = h**2 - 67*h - 15. Give g(0).
-15
Let r(k) = k**2 + 250*k + 1933. Determine r(-8).
-3
Let r(m) = 12*m**2 - 22*m - 3. Give r(-5).
407
Let d(z) = 2*z**3 + 27*z**2 + 38*z + 22. Calculate d(-12).
-2
Let w(t) = 37*t - 886. Determine w(24).
2
Let u(v) = 2*v**2 - 279*v + 2351. Determine u(9).
2
Let w(f) = -7*f**2 - 241*f + 3354. What is w(-45)?
24
Let d(w) = 41*w**2 + 3063*w - 895. Determine d(-75).
5
Let u(s) = 10*s - 240. What is u(20)?
-40
Let k(i) = -3*i**2 + 17*i + 17. Determine k(6).
11
Let q(x) = x**3 - 73*x**2 + 78*x - 458. Determine q(72).
-26
Let d(c) = 28*c - 83. Calculate d(5).
57
Let i(x) = 683*x - 1396. Give i(2).
-30
Let c(x) = 3*x**3 + 308*x**2 - 90*x + 1341. What is c(-103)?
2
Let u(k) = -5*k**2 - 21*k + 2. Calculate u(4).
-162
Let w(s) = 51*s - 101. Give w(3).
52
Let r(g) = 6*g - 318. Calculate r(53).
0
Let z(x) = 75*x + 8848. Give z(-118).
-2
Let x(v) = -88*v**2 - 2558*v - 169. Give x(-29).
5
Let k(g) = g**2 + 407*g + 3733. Calculate k(-9).
151
Let b(u) = 51*u**2 + 14*u + 29. Determine b(-3).
446
Let u(w) = 2*w**3 + 15*w**2 + 30*w + 71. Give u(-6).
-1
Let a(v) = v**3 + 21*v**2 - 17*v - 16. Give a(-22).
-126
Let j(d) = 189*d - 9056. Calculate j(48).
16
Let p(o) = 8*o + 185. Determine p(-16).
57
Let w(m) = m**2 - 41*m - 1468. Determine w(-23).
4
Let a(i) = -i**3 - 5*i**2 + 38*i + 226. Give a(0).
226
Let n(l) = -30*l + 162. What is n(9)?
-108
Let j(z) = 132*z**3 + z**2 - 4*z - 4. Determine j(-1).
-131
Let o(y) = 2*y**3 + 19*y**2 - 53*y + 14. Determine o(-12).
-70
Let m(o) = o**2 - 29*o + 1. What is m(28)?
-27
Let z(p) = 29*p - 220. What is z(13)?
157
Let k(l) = l**2 + 21*l - 1285. Give k(27).
11
Let w(c) = c**3 - 28*c**2 + 118*c + 4. What is w(5)?
19
Let a(y) = -y**2 - 48*y + 1052. Determine a(-64).
28
Let c(w) = w**3 - 81*w**2 - 251*w + 8. Calculate c(84).
92
Let k(i) = 199*i + 549. Calculate k(-3).
-48
Let x(b) = -2*b**2 - 102*b - 889. Calculate x(-38).
99
Let d(h) = -h**3 - 58*h**2 + 56*h - 203. Calculate d(-59).
-26
Let p(j) = 2*j**2 - j + 89. What is p(0)?
89
Let h(m) = -m**2 - 9*m - 22. Calculate h(-7).
-8
Let u(k) = -20*k - 262. What is u(-14)?
18
Let r(g) = -g**2 + 433*g + 5784. Calculate r(-13).
-14
Let h(v) = -15552*v - 171070. Calculate h(-11).
2
Let a(f) = 10*f**2 - 44*f + 245. Calculate a(6).
341
Let c(z) = -5*z**2 + 50*z - 8. Give c(8).
72
Let c(z) = 71*z - 3312. What is c(46)?
-46
Let q(b) = 587*b - 2951. Give q(5).
-16
Let r(y) = 47890*y + 191563. Give r(-4).
3
Let s(l) = 4469*l + 13403. Determine s(-3).
-4
Let a(m) = 14*m**2 - 133*m + 173. Give a(8).
5
Let n(h) = -16*h - 7. Determine n(3).
-55
Let y(l) = 42*l**2 - 5156*l - 1237. Give y(123).
-7
Let b(v) = v**3 + 17*v**2 + 8*v - 169. What is b(-13)?
403
Let k(w) = w**2 - 196*w - 10557. Determine k(-44).
3
Let y(i) = -i**2 - 12*i + 321. What is y(-23)?
68
Let p(o) = -o**2 - 49*o - 591. Give p(-39).
-201
Let k(n) = 3*n**3 + 16*n**2 - 13*n - 100. Determine k(-4).
16
Let f(x) = 2*x**2 + 40*x - 373. Give f(7).
5
Let t(d) = -d**3 + 7*d**2 + 198*d - 1234. What is t(6)?
-10
Let j(v) = -v**3 + 85*v**2 - 85*v - 28. Determine j(84).
-112
Let v(x) = 87*x + 647. Determine v(-6).
125
Let y(o) = -o**2 + 40*o + 99. Determine y(41).
58
Let z(b) = 19*b**2 - 105*b - 193. Calculate z(7).
3
Let p(a) = 3*a**2 - 49*a + 197. Calculate p(9).
-1
Let r(w) = 186*w + 673. Give r(-6).
-443
Let l(h) = 23*h - 7. What is l(-5)?
-122
Let q(x) = 1155*x - 11550. Give q(10).
0
Let t(u) = -623*u + 1835. Give t(3).
-34
Let a(r) = 2*r**3 - 18*r**2 - 315*r + 66. Determine a(-9).
-15
Let f(y) = 20*y - 1974. Determine f(96).
-54
Let z(v) = 13*v**2 + 39*v - 18. Give z(4).
346
Let c(f) = 2108*f - 16864. Calculate c(8).
0
Let m(c) = 16*c - 874. What is m(51)?
-58
Let t(h) = h**2 - 15*h + 4. Give t(6).
-50
Let k(m) = -11*m**2 + 166*m - 279. Give k(13).
20
Let b(t) = -59*t + 624. Determine b(5).
329
Let p(m) = -18556*m + 111337. What is p(6)?
1
Let x(l) = -l**3 - 2*l**2 - 25*l - 64. Determine x(-5).
136
Let n(r) = -2525*r + 133824. Give n(53).
-1
Let j(d) = 117*d - 2263. Determine j(21).
194
Let z(r) = 4*r**3 - 54*r**2 + 142*r - 8. Determine z(10).
12
Let l(c) = c**3 + 18*c**2 + 37*c - 78. What is l(-15)?
42
